{"id":2173,"date":"2025-03-28T19:33:17","date_gmt":"2025-03-28T19:33:17","guid":{"rendered":"https:\/\/laines-aux-bois.fr\/?page_id=2173"},"modified":"2025-11-06T12:12:09","modified_gmt":"2025-11-06T12:12:09","slug":"distributeurs-alimentaires","status":"publish","type":"page","link":"https:\/\/laines-aux-bois.fr\/?page_id=2173","title":{"rendered":"Distributeurs Alimentaires"},"content":{"rendered":"\n<div class=\"wp-block-media-text is-stacked-on-mobile is-image-fill\"><figure style=\"background-image:url(https:\/\/laines-aux-bois.fr\/wp-content\/uploads\/2025\/03\/Image-WhatsApp-Mar-28-2025-2-1.jpeg);background-position:50% 50%;\" class=\"wp-block-media-text__media\"><\/figure><div class=\"wp-block-media-text__content\">\n<p>En <strong>mai 2021<\/strong>, la commune de Laines aux Bois a d\u00e9cid\u00e9 de mettre en place un distributeur de pain et un distributeur d&rsquo;aliments frais et locaux positionn\u00e9s au coeur du village et abrit\u00e9s sous un pr\u00e9au semi ouvert. Le pain sera fourni par l&rsquo;artisan boulanger de Saint Germain. Les autres denr\u00e9es (miel, pommes de terre, l\u00e9gumes, oeufs\u2026.) seront fournis par des producteurs locaux et plus pr\u00e9cis\u00e9ment du village.<\/p>\n\n\n\n<p>Ces installations ont \u00e9t\u00e9 financ\u00e9es par la <strong>r\u00e9gion Grand Est<\/strong> pour <strong>4166.38\u20ac<\/strong>, <strong>l&rsquo;Etat<\/strong> pour <strong>6010.41\u20ac,<\/strong> le <strong>FEADER<\/strong> \u00e0 hauteur de <strong>36821.72\u20ac<\/strong> et la commune.<\/p>\n\n\n\n<div class=\"wp-block-columns is-layout-flex wp-container-core-columns-is-layout-1 wp-block-columns-is-layout-flex\">\n<div class=\"wp-block-column is-layout-flow wp-block-column-is-layout-flow\"><div class=\"wp-block-image\">\n<figure class=\"alignright size-full\"><img loading=\"lazy\" decoding=\"async\" width=\"236\" height=\"212\" src=\"https:\/\/laines-aux-bois.fr\/wp-content\/uploads\/2025\/03\/Image-WhatsApp-Mar-28-2025-2.jpeg\" alt=\"\" class=\"wp-image-2176\"\/><\/figure><\/div><\/div>\n\n\n\n<div class=\"wp-block-column is-layout-flow wp-block-column-is-layout-flow\"><div class=\"wp-block-image\">\n<figure class=\"alignright size-full is-resized\"><img loading=\"lazy\" decoding=\"async\" width=\"181\" height=\"134\" src=\"https:\/\/laines-aux-bois.fr\/wp-content\/uploads\/2025\/03\/Image-WhatsApp-Mar-28-2025-1.jpeg\" alt=\"\" class=\"wp-image-2175\" style=\"width:236px;height:auto\"\/><\/figure><\/div><\/div>\n<\/div>\n<\/div><\/div>\n\n\n\n<div style=\"height:30px\" aria-hidden=\"true\" class=\"wp-block-spacer\"><\/div>\n\n\n\n<div class=\"wp-block-columns is-layout-flex wp-container-core-columns-is-layout-3 wp-block-columns-is-layout-flex\">\n<div class=\"wp-block-column is-layout-flow wp-block-column-is-layout-flow\">\n<div class=\"wp-block-columns is-layout-flex wp-container-core-columns-is-layout-2 wp-block-columns-is-layout-flex\">\n<div class=\"wp-block-column is-vertically-aligned-center is-layout-flow wp-block-column-is-layout-flow\">\n<div class=\"wp-block-jetpack-slideshow aligncenter is-style-rectangular\" data-autoplay=\"true\" data-delay=\"3\" data-effect=\"fade\"><div class=\"wp-block-jetpack-slideshow_container swiper-container\"><ul class=\"wp-block-jetpack-slideshow_swiper-wrapper swiper-wrapper\"><li class=\"wp-block-jetpack-slideshow_slide swiper-slide\"><figure><img loading=\"lazy\" decoding=\"async\" width=\"1024\" height=\"768\" alt=\"\" class=\"wp-block-jetpack-slideshow_image wp-image-2184\" data-id=\"2184\" src=\"https:\/\/laines-aux-bois.fr\/wp-content\/uploads\/2025\/03\/Image-WhatsApp-Mar-28-2025-5-1024x768.jpeg\" srcset=\"https:\/\/laines-aux-bois.fr\/wp-content\/uploads\/2025\/03\/Image-WhatsApp-Mar-28-2025-5-980x735.jpeg 980w, https:\/\/laines-aux-bois.fr\/wp-content\/uploads\/2025\/03\/Image-WhatsApp-Mar-28-2025-5-480x360.jpeg 480w\" sizes=\"(min-width: 0px) and (max-width: 480px) 480px, (min-width: 481px) and (max-width: 980px) 980px, (min-width: 981px) 1024px, 100vw\" \/><\/figure><\/li><li class=\"wp-block-jetpack-slideshow_slide swiper-slide\"><figure><img loading=\"lazy\" decoding=\"async\" width=\"1024\" height=\"768\" alt=\"\" class=\"wp-block-jetpack-slideshow_image wp-image-2183\" data-id=\"2183\" src=\"https:\/\/laines-aux-bois.fr\/wp-content\/uploads\/2025\/03\/Image-WhatsApp-Mar-28-2025-2-2-1024x768.jpeg\" srcset=\"https:\/\/laines-aux-bois.fr\/wp-content\/uploads\/2025\/03\/Image-WhatsApp-Mar-28-2025-2-2-980x735.jpeg 980w, https:\/\/laines-aux-bois.fr\/wp-content\/uploads\/2025\/03\/Image-WhatsApp-Mar-28-2025-2-2-480x360.jpeg 480w\" sizes=\"(min-width: 0px) and (max-width: 480px) 480px, (min-width: 481px) and (max-width: 980px) 980px, (min-width: 981px) 1024px, 100vw\" \/><\/figure><\/li><li class=\"wp-block-jetpack-slideshow_slide swiper-slide\"><figure><img loading=\"lazy\" decoding=\"async\" width=\"1024\" height=\"768\" alt=\"\" class=\"wp-block-jetpack-slideshow_image wp-image-2182\" data-id=\"2182\" src=\"https:\/\/laines-aux-bois.fr\/wp-content\/uploads\/2025\/03\/Image-WhatsApp-Mar-28-2025-7-1024x768.jpeg\" srcset=\"https:\/\/laines-aux-bois.fr\/wp-content\/uploads\/2025\/03\/Image-WhatsApp-Mar-28-2025-7-980x735.jpeg 980w, https:\/\/laines-aux-bois.fr\/wp-content\/uploads\/2025\/03\/Image-WhatsApp-Mar-28-2025-7-480x360.jpeg 480w\" sizes=\"(min-width: 0px) and (max-width: 480px) 480px, (min-width: 481px) and (max-width: 980px) 980px, (min-width: 981px) 1024px, 100vw\" \/><\/figure><\/li><li class=\"wp-block-jetpack-slideshow_slide swiper-slide\"><figure><img loading=\"lazy\" decoding=\"async\" width=\"1024\" height=\"768\" alt=\"\" class=\"wp-block-jetpack-slideshow_image wp-image-2181\" data-id=\"2181\" src=\"https:\/\/laines-aux-bois.fr\/wp-content\/uploads\/2025\/03\/Image-WhatsApp-Mar-28-2025-8-1024x768.jpeg\" srcset=\"https:\/\/laines-aux-bois.fr\/wp-content\/uploads\/2025\/03\/Image-WhatsApp-Mar-28-2025-8-980x735.jpeg 980w, https:\/\/laines-aux-bois.fr\/wp-content\/uploads\/2025\/03\/Image-WhatsApp-Mar-28-2025-8-480x360.jpeg 480w\" sizes=\"(min-width: 0px) and (max-width: 480px) 480px, (min-width: 481px) and (max-width: 980px) 980px, (min-width: 981px) 1024px, 100vw\" \/><\/figure><\/li><li class=\"wp-block-jetpack-slideshow_slide swiper-slide\"><figure><img loading=\"lazy\" decoding=\"async\" width=\"245\" height=\"300\" alt=\"\" class=\"wp-block-jetpack-slideshow_image wp-image-2180\" data-id=\"2180\" src=\"https:\/\/laines-aux-bois.fr\/wp-content\/uploads\/2025\/03\/Image-WhatsApp-Mar-28-2025-4-245x300.jpeg\"\/><\/figure><\/li><\/ul><a class=\"wp-block-jetpack-slideshow_button-prev swiper-button-prev swiper-button-white\" role=\"button\"><\/a><a class=\"wp-block-jetpack-slideshow_button-next swiper-button-next swiper-button-white\" role=\"button\"><\/a><a aria-label=\"Pause Slideshow\" class=\"wp-block-jetpack-slideshow_button-pause\" role=\"button\"><\/a><div class=\"wp-block-jetpack-slideshow_pagination swiper-pagination swiper-pagination-white\"><\/div><\/div><\/div>\n<\/div>\n\n\n\n<div class=\"wp-block-column is-vertically-aligned-center is-layout-flow wp-block-column-is-layout-flow\"><div class=\"wp-block-image\">\n<figure class=\"aligncenter size-large\"><a href=\"https:\/\/laines-aux-bois.fr\/wp-content\/uploads\/2025\/03\/Distributeurs-automatiques-1.png\"><img loading=\"lazy\" decoding=\"async\" width=\"724\" height=\"1024\" src=\"https:\/\/laines-aux-bois.fr\/wp-content\/uploads\/2025\/03\/Distributeurs-automatiques-1-724x1024.png\" alt=\"\" class=\"wp-image-2194\"\/><\/a><\/figure><\/div><\/div>\n<\/div>\n<\/div>\n<\/div>\n\n\n\n<div class=\"wp-block-columns is-layout-flex wp-container-core-columns-is-layout-4 wp-block-columns-is-layout-flex\">\n<div class=\"wp-block-column is-layout-flow wp-block-column-is-layout-flow\"><\/div>\n<\/div>\n\n\n\n<div style=\"height:22px\" aria-hidden=\"true\" class=\"wp-block-spacer\"><\/div>\n\n\n\n<div class=\"wp-block-columns is-layout-flex wp-container-core-columns-is-layout-5 wp-block-columns-is-layout-flex\">\n<div class=\"wp-block-column is-layout-flow wp-block-column-is-layout-flow\">\n<div style=\"height:29px\" aria-hidden=\"true\" class=\"wp-block-spacer\"><\/div>\n<\/div>\n<\/div>\n","protected":false},"excerpt":{"rendered":"","protected":false},"author":1,"featured_media":2177,"parent":0,"menu_order":0,"comment_status":"closed","ping_status":"closed","template":"","meta":{"_et_pb_use_builder":"off","_et_pb_old_content":"","_et_gb_content_width":"1080","cybocfi_hide_featured_image":"","spay_email":"","footnotes":""},"class_list":["post-2173","page","type-page","status-publish","has-post-thumbnail","hentry"],"yoast_head":"<!-- This site is optimized with the Yoast SEO plugin v23.4 - https:\/\/yoast.com\/wordpress\/plugins\/seo\/ -->\n<title>Distributeurs Alimentaires - Laines-aux-Bois<\/title>\n<meta name=\"description\" content=\"Laines-aux-Bois Distributeurs Alimentaires -\" \/>\n<meta name=\"robots\" content=\"index, follow, max-snippet:-1, max-image-preview:large, max-video-preview:-1\" \/>\n<link rel=\"canonical\" href=\"https:\/\/laines-aux-bois.fr\/?page_id=2173\" \/>\n<meta property=\"og:locale\" content=\"fr_FR\" \/>\n<meta property=\"og:type\" content=\"article\" \/>\n<meta property=\"og:title\" content=\"Distributeurs Alimentaires - Laines-aux-Bois\" \/>\n<meta property=\"og:description\" content=\"Laines-aux-Bois Distributeurs Alimentaires -\" \/>\n<meta property=\"og:url\" content=\"https:\/\/laines-aux-bois.fr\/?page_id=2173\" \/>\n<meta property=\"og:site_name\" content=\"Laines-aux-Bois\" \/>\n<meta property=\"article:publisher\" content=\"https:\/\/www.facebook.com\/Mairie-de-Laines-aux-Bois-113150383645438\" \/>\n<meta property=\"article:modified_time\" content=\"2025-11-06T12:12:09+00:00\" \/>\n<meta property=\"og:image\" content=\"https:\/\/laines-aux-bois.fr\/wp-content\/uploads\/2025\/03\/Image-WhatsApp-Mar-28-2025-2-1.jpeg\" \/>\n\t<meta property=\"og:image:width\" content=\"1600\" \/>\n\t<meta property=\"og:image:height\" content=\"1200\" \/>\n\t<meta property=\"og:image:type\" content=\"image\/jpeg\" \/>\n<meta name=\"twitter:card\" content=\"summary_large_image\" \/>\n<script type=\"application\/ld+json\" class=\"yoast-schema-graph\">{\"@context\":\"https:\/\/schema.org\",\"@graph\":[{\"@type\":\"WebPage\",\"@id\":\"https:\/\/laines-aux-bois.fr\/?page_id=2173\",\"url\":\"https:\/\/laines-aux-bois.fr\/?page_id=2173\",\"name\":\"Distributeurs Alimentaires - Laines-aux-Bois\",\"isPartOf\":{\"@id\":\"https:\/\/laines-aux-bois.fr\/#website\"},\"primaryImageOfPage\":{\"@id\":\"https:\/\/laines-aux-bois.fr\/?page_id=2173#primaryimage\"},\"image\":{\"@id\":\"https:\/\/laines-aux-bois.fr\/?page_id=2173#primaryimage\"},\"thumbnailUrl\":\"https:\/\/laines-aux-bois.fr\/wp-content\/uploads\/2025\/03\/Image-WhatsApp-Mar-28-2025-2-1.jpeg\",\"datePublished\":\"2025-03-28T19:33:17+00:00\",\"dateModified\":\"2025-11-06T12:12:09+00:00\",\"description\":\"Laines-aux-Bois Distributeurs Alimentaires -\",\"breadcrumb\":{\"@id\":\"https:\/\/laines-aux-bois.fr\/?page_id=2173#breadcrumb\"},\"inLanguage\":\"fr-FR\",\"potentialAction\":[{\"@type\":\"ReadAction\",\"target\":[\"https:\/\/laines-aux-bois.fr\/?page_id=2173\"]}]},{\"@type\":\"ImageObject\",\"inLanguage\":\"fr-FR\",\"@id\":\"https:\/\/laines-aux-bois.fr\/?page_id=2173#primaryimage\",\"url\":\"https:\/\/laines-aux-bois.fr\/wp-content\/uploads\/2025\/03\/Image-WhatsApp-Mar-28-2025-2-1.jpeg\",\"contentUrl\":\"https:\/\/laines-aux-bois.fr\/wp-content\/uploads\/2025\/03\/Image-WhatsApp-Mar-28-2025-2-1.jpeg\",\"width\":1600,\"height\":1200},{\"@type\":\"BreadcrumbList\",\"@id\":\"https:\/\/laines-aux-bois.fr\/?page_id=2173#breadcrumb\",\"itemListElement\":[{\"@type\":\"ListItem\",\"position\":1,\"name\":\"Accueil\",\"item\":\"https:\/\/laines-aux-bois.fr\/\"},{\"@type\":\"ListItem\",\"position\":2,\"name\":\"Distributeurs Alimentaires\"}]},{\"@type\":\"WebSite\",\"@id\":\"https:\/\/laines-aux-bois.fr\/#website\",\"url\":\"https:\/\/laines-aux-bois.fr\/\",\"name\":\"Laines-aux-Bois\",\"description\":\"Site officiel de la commune\",\"publisher\":{\"@id\":\"https:\/\/laines-aux-bois.fr\/#organization\"},\"potentialAction\":[{\"@type\":\"SearchAction\",\"target\":{\"@type\":\"EntryPoint\",\"urlTemplate\":\"https:\/\/laines-aux-bois.fr\/?s={search_term_string}\"},\"query-input\":{\"@type\":\"PropertyValueSpecification\",\"valueRequired\":true,\"valueName\":\"search_term_string\"}}],\"inLanguage\":\"fr-FR\"},{\"@type\":\"Organization\",\"@id\":\"https:\/\/laines-aux-bois.fr\/#organization\",\"name\":\"Mairie de Laines-aux-Bois\",\"url\":\"https:\/\/laines-aux-bois.fr\/\",\"logo\":{\"@type\":\"ImageObject\",\"inLanguage\":\"fr-FR\",\"@id\":\"https:\/\/laines-aux-bois.fr\/#\/schema\/logo\/image\/\",\"url\":\"https:\/\/laines-aux-bois.fr\/wp-content\/uploads\/2021\/03\/Logo_Laines-aux-Bois-scaled-e1619425296534.jpg\",\"contentUrl\":\"https:\/\/laines-aux-bois.fr\/wp-content\/uploads\/2021\/03\/Logo_Laines-aux-Bois-scaled-e1619425296534.jpg\",\"width\":710,\"height\":512,\"caption\":\"Mairie de Laines-aux-Bois\"},\"image\":{\"@id\":\"https:\/\/laines-aux-bois.fr\/#\/schema\/logo\/image\/\"},\"sameAs\":[\"https:\/\/www.facebook.com\/Mairie-de-Laines-aux-Bois-113150383645438\"]}]}<\/script>\n<!-- \/ Yoast SEO plugin. -->","yoast_head_json":{"title":"Distributeurs Alimentaires - Laines-aux-Bois","description":"Laines-aux-Bois Distributeurs Alimentaires -","robots":{"index":"index","follow":"follow","max-snippet":"max-snippet:-1","max-image-preview":"max-image-preview:large","max-video-preview":"max-video-preview:-1"},"canonical":"https:\/\/laines-aux-bois.fr\/?page_id=2173","og_locale":"fr_FR","og_type":"article","og_title":"Distributeurs Alimentaires - Laines-aux-Bois","og_description":"Laines-aux-Bois Distributeurs Alimentaires -","og_url":"https:\/\/laines-aux-bois.fr\/?page_id=2173","og_site_name":"Laines-aux-Bois","article_publisher":"https:\/\/www.facebook.com\/Mairie-de-Laines-aux-Bois-113150383645438","article_modified_time":"2025-11-06T12:12:09+00:00","og_image":[{"width":1600,"height":1200,"url":"https:\/\/laines-aux-bois.fr\/wp-content\/uploads\/2025\/03\/Image-WhatsApp-Mar-28-2025-2-1.jpeg","type":"image\/jpeg"}],"twitter_card":"summary_large_image","schema":{"@context":"https:\/\/schema.org","@graph":[{"@type":"WebPage","@id":"https:\/\/laines-aux-bois.fr\/?page_id=2173","url":"https:\/\/laines-aux-bois.fr\/?page_id=2173","name":"Distributeurs Alimentaires - Laines-aux-Bois","isPartOf":{"@id":"https:\/\/laines-aux-bois.fr\/#website"},"primaryImageOfPage":{"@id":"https:\/\/laines-aux-bois.fr\/?page_id=2173#primaryimage"},"image":{"@id":"https:\/\/laines-aux-bois.fr\/?page_id=2173#primaryimage"},"thumbnailUrl":"https:\/\/laines-aux-bois.fr\/wp-content\/uploads\/2025\/03\/Image-WhatsApp-Mar-28-2025-2-1.jpeg","datePublished":"2025-03-28T19:33:17+00:00","dateModified":"2025-11-06T12:12:09+00:00","description":"Laines-aux-Bois Distributeurs Alimentaires -","breadcrumb":{"@id":"https:\/\/laines-aux-bois.fr\/?page_id=2173#breadcrumb"},"inLanguage":"fr-FR","potentialAction":[{"@type":"ReadAction","target":["https:\/\/laines-aux-bois.fr\/?page_id=2173"]}]},{"@type":"ImageObject","inLanguage":"fr-FR","@id":"https:\/\/laines-aux-bois.fr\/?page_id=2173#primaryimage","url":"https:\/\/laines-aux-bois.fr\/wp-content\/uploads\/2025\/03\/Image-WhatsApp-Mar-28-2025-2-1.jpeg","contentUrl":"https:\/\/laines-aux-bois.fr\/wp-content\/uploads\/2025\/03\/Image-WhatsApp-Mar-28-2025-2-1.jpeg","width":1600,"height":1200},{"@type":"BreadcrumbList","@id":"https:\/\/laines-aux-bois.fr\/?page_id=2173#breadcrumb","itemListElement":[{"@type":"ListItem","position":1,"name":"Accueil","item":"https:\/\/laines-aux-bois.fr\/"},{"@type":"ListItem","position":2,"name":"Distributeurs Alimentaires"}]},{"@type":"WebSite","@id":"https:\/\/laines-aux-bois.fr\/#website","url":"https:\/\/laines-aux-bois.fr\/","name":"Laines-aux-Bois","description":"Site officiel de la commune","publisher":{"@id":"https:\/\/laines-aux-bois.fr\/#organization"},"potentialAction":[{"@type":"SearchAction","target":{"@type":"EntryPoint","urlTemplate":"https:\/\/laines-aux-bois.fr\/?s={search_term_string}"},"query-input":{"@type":"PropertyValueSpecification","valueRequired":true,"valueName":"search_term_string"}}],"inLanguage":"fr-FR"},{"@type":"Organization","@id":"https:\/\/laines-aux-bois.fr\/#organization","name":"Mairie de Laines-aux-Bois","url":"https:\/\/laines-aux-bois.fr\/","logo":{"@type":"ImageObject","inLanguage":"fr-FR","@id":"https:\/\/laines-aux-bois.fr\/#\/schema\/logo\/image\/","url":"https:\/\/laines-aux-bois.fr\/wp-content\/uploads\/2021\/03\/Logo_Laines-aux-Bois-scaled-e1619425296534.jpg","contentUrl":"https:\/\/laines-aux-bois.fr\/wp-content\/uploads\/2021\/03\/Logo_Laines-aux-Bois-scaled-e1619425296534.jpg","width":710,"height":512,"caption":"Mairie de Laines-aux-Bois"},"image":{"@id":"https:\/\/laines-aux-bois.fr\/#\/schema\/logo\/image\/"},"sameAs":["https:\/\/www.facebook.com\/Mairie-de-Laines-aux-Bois-113150383645438"]}]}},"_links":{"self":[{"href":"https:\/\/laines-aux-bois.fr\/index.php?rest_route=\/wp\/v2\/pages\/2173"}],"collection":[{"href":"https:\/\/laines-aux-bois.fr\/index.php?rest_route=\/wp\/v2\/pages"}],"about":[{"href":"https:\/\/laines-aux-bois.fr\/index.php?rest_route=\/wp\/v2\/types\/page"}],"author":[{"embeddable":true,"href":"https:\/\/laines-aux-bois.fr\/index.php?rest_route=\/wp\/v2\/users\/1"}],"replies":[{"embeddable":true,"href":"https:\/\/laines-aux-bois.fr\/index.php?rest_route=%2Fwp%2Fv2%2Fcomments&post=2173"}],"version-history":[{"count":19,"href":"https:\/\/laines-aux-bois.fr\/index.php?rest_route=\/wp\/v2\/pages\/2173\/revisions"}],"predecessor-version":[{"id":2269,"href":"https:\/\/laines-aux-bois.fr\/index.php?rest_route=\/wp\/v2\/pages\/2173\/revisions\/2269"}],"wp:featuredmedia":[{"embeddable":true,"href":"https:\/\/laines-aux-bois.fr\/index.php?rest_route=\/wp\/v2\/media\/2177"}],"wp:attachment":[{"href":"https:\/\/laines-aux-bois.fr\/index.php?rest_route=%2Fwp%2Fv2%2Fmedia&parent=2173"}],"curies":[{"name":"wp","href":"https:\/\/api.w.org\/{rel}","templated":true}]}}